{"id":7287,"date":"2024-03-11T23:58:38","date_gmt":"2024-03-11T23:58:38","guid":{"rendered":"https:\/\/cannabuben-clothing.com\/index.php\/product\/unisex-kapuzenpullover\/"},"modified":"2024-03-22T17:30:32","modified_gmt":"2024-03-22T17:30:32","slug":"unisex-kapuzenpullover","status":"publish","type":"product","link":"https:\/\/cannabuben-clothing.com\/index.php\/product\/unisex-kapuzenpullover\/","title":{"rendered":"ACAB &#8211; Kapuzenpullover"},"content":{"rendered":"<p>Unser neuester ACAB-Kapuzenpullover vereint nicht nur Stil und Statement, sondern setzt auch neue Ma\u00dfst\u00e4be in Sachen Komfort und Qualit\u00e4t. Aus 100 % Baumwolle an der Au\u00dfenseite, bietet er die perfekte Leinwand f\u00fcr das kraftvolle ACAB-Design, w\u00e4hrend die Innenmischung aus 65 % ringgesponnener Baumwolle und 35 % Polyester f\u00fcr ultimativen Tragekomfort und Langlebigkeit sorgt.<\/p>\n<p>Die weiche, atmungsaktive Baumwolle au\u00dfen garantiert, dass du dich in deinem Statement wohl f\u00fchlst, w\u00e4hrend die innere Materialkombination f\u00fcr W\u00e4rme und Weichheit sorgt, die dich durch jede Jahreszeit begleitet. Mit seiner klassischen Passform und der praktischen K\u00e4nguru-Tasche bietet der Pullover nicht nur Platz f\u00fcr deine H\u00e4nde oder Essentials, sondern macht ihn auch zum idealen Begleiter f\u00fcr den Alltag oder entspannte Abende.<\/p>\n<p>Der ACAB-Kapuzenpullover ist mehr als nur ein Kleidungsst\u00fcck; er ist ein Ausdruck von Haltung und Identit\u00e4t. Er spricht diejenigen an, die bereit sind, f\u00fcr ihre \u00dcberzeugungen einzustehen und dabei nicht auf Komfort und Qualit\u00e4t verzichten wollen. Das Design ist klar und unmissverst\u00e4ndlich \u2013 ein visuelles Statement, das zur Diskussion anregt, ohne die \u00c4sthetik zu vernachl\u00e4ssigen.<\/p>\n<p>Tragen Sie den ACAB-Kapuzenpullover als Zeichen Ihrer \u00dcberzeugung und Ihres Stils. Er passt perfekt zu einer Vielzahl von Outfits und Situationen, von casual bis hin zu mutig. Egal, ob bei einem Stadtspaziergang, auf einem Konzert oder einfach beim Relaxen zu Hause \u2013 mit diesem Kapuzenpullover zeigst du Haltung und Stilgef\u00fchl.<\/p>\n<p>Der ACAB-Kapuzenpullover ist damit mehr als nur ein modisches Accessoire; er ist ein Statement-Piece, das Komfort, Qualit\u00e4t und Message in einem vereint. Ein Must-have f\u00fcr alle, die Mode bewusst als Ausdruck ihrer Pers\u00f6nlichkeit und ihrer \u00dcberzeugungen nutzen m\u00f6chten.<\/p>\n","protected":false},"excerpt":{"rendered":"<p>Unser neuester ACAB-Kapuzenpullover vereint nicht nur Stil und Statement, sondern setzt auch neue Ma\u00dfst\u00e4be in Sachen Komfort und Qualit\u00e4t. Aus 100 % Baumwolle an der Au\u00dfenseite, bietet er die perfekte Leinwand f\u00fcr das kraftvolle ACAB-Design, w\u00e4hrend die Innenmischung aus 65 % ringgesponnener Baumwolle und 35 % Polyester f\u00fcr ultimativen Tragekomfort und Langlebigkeit sorgt. Die weiche, &hellip; <\/p>\n<p class=\"link-more\"><a href=\"https:\/\/cannabuben-clothing.com\/index.php\/product\/unisex-kapuzenpullover\/\" class=\"more-link\">Read More <span class=\"screen-reader-text\"> &#8220;ACAB &#8211; Kapuzenpullover&#8221;<\/span><\/a><\/p>\n","protected":false},"featured_media":7296,"comment_status":"open","ping_status":"closed","template":"","meta":{"inline_featured_image":false},"product_cat":[15,103],"product_tag":[],"class_list":{"0":"post-7287","1":"product","2":"type-product","3":"status-publish","4":"has-post-thumbnail","6":"product_cat-uncategorized","7":"product_cat-hoodies","9":"first","10":"instock","11":"taxable","12":"shipping-taxable","13":"purchasable","14":"product-type-variable"},"_links":{"self":[{"href":"https:\/\/cannabuben-clothing.com\/index.php\/wp-json\/wp\/v2\/product\/7287","targetHints":{"allow":["GET"]}}],"collection":[{"href":"https:\/\/cannabuben-clothing.com\/index.php\/wp-json\/wp\/v2\/product"}],"about":[{"href":"https:\/\/cannabuben-clothing.com\/index.php\/wp-json\/wp\/v2\/types\/product"}],"replies":[{"embeddable":true,"href":"https:\/\/cannabuben-clothing.com\/index.php\/wp-json\/wp\/v2\/comments?post=7287"}],"version-history":[{"count":2,"href":"https:\/\/cannabuben-clothing.com\/index.php\/wp-json\/wp\/v2\/product\/7287\/revisions"}],"predecessor-version":[{"id":7778,"href":"https:\/\/cannabuben-clothing.com\/index.php\/wp-json\/wp\/v2\/product\/7287\/revisions\/7778"}],"wp:featuredmedia":[{"embeddable":true,"href":"https:\/\/cannabuben-clothing.com\/index.php\/wp-json\/wp\/v2\/media\/7296"}],"wp:attachment":[{"href":"https:\/\/cannabuben-clothing.com\/index.php\/wp-json\/wp\/v2\/media?parent=7287"}],"wp:term":[{"taxonomy":"product_cat","embeddable":true,"href":"https:\/\/cannabuben-clothing.com\/index.php\/wp-json\/wp\/v2\/product_cat?post=7287"},{"taxonomy":"product_tag","embeddable":true,"href":"https:\/\/cannabuben-clothing.com\/index.php\/wp-json\/wp\/v2\/product_tag?post=7287"}],"curies":[{"name":"wp","href":"https:\/\/api.w.org\/{rel}","templated":true}]}}